1 + -4 + 2 + 2.
1
(-7 - (-5 - 6)) + -2
2
What is the value of -4 + (-60 + 65 - (-6 - -1))?
6
What is the value of (0 - -4) + -2 + 0?
2
What is the value of -4 - (3 + -5) - (-5 - -1)?
2
Calculate (2 - 3 - -4) + (3 - 1).
5
What is the value of -8 - ((4 - 12) + 16 - 10)?
-6
What is (1 - 0) + (7 - (-17 - -32))?
-7
Calculate (3 - -1 - -1) + (-8 - -2).
-1
What is the value of (8 - 14 - -4) + -3 + 7?
2
What is the value of -7 + 8 + (1 + -2 - -2)?
2
(1 - 1 - -6) + -3 + 6
9
What is the value of 0 - (8 - 2 - 6) - 2?
-2
What is the value of 0 + (-4 - -10 - 9)?
-3
What is the value of -1 + (5 - (0 - -3)) + -4?
-3
Calculate -2 - -4 - (-7 - -5).
4
Calculate -3 + 7 + -7 - 2 - -9.
4
What is 5 - (11 + 2 + -6 + 1)?
-3
What is 8 - 0 - (18 - 15)?
5
What is the value of 3 + (-5 - -1) + -1 + -2?
-4
Evaluate 1 - (-8 + 2 + 2).
5
Calculate 3 + (7 - 5 - 13).
-8
What is -29 + 36 - (-1 + 7)?
1
What is the value of 0 - -7 - (-25 + 7 - -30)?
-5
What is -4 + (-4 - (-7 - -4)) - -7?
2
Calculate (-6 - (-7 - 0) - -3) + -2.
2
What is the value of (-11 - (-17 + 9)) + 9?
6
Calculate -6 - -2 - (-9 - (0 + -3)).
2
What is 1 + (3 - 0) + 10 + -13?
1
What is the value of 5 + -5 + -5 + -4 + 3?
-6
What is the value of 5 + (-3 + -2 - 1)?
-1
What is 27 + -8 - (6 + 6)?
7
What is -7 + 3 + (3 - 6 - -1)?
-6
What is the value of (11 - (-8 + 20)) + 7?
6
What is the value of -5 - -2 - (1 + -10 + 5)?
1
Calculate -5 - (2 + (-2 - (1 - 1))).
-5
What is -7 + (15 - 9) - -2?
1
-6 + 7 + -1 - -2
2
Calculate (-20 + 10 - -15) + (-6 - 0).
-1
Evaluate 1 + -8 + (33 - 34).
-8
Calculate -10 - -8 - (0 - 1).
-1
What is the value of (9 + -11 - -6) + -3?
1
11 + -13 + 12 + -4
6
Evaluate 5 + (-4 + 5 - 2) + -9.
-5
Calculate (3 - 2) + (3 + -5 - 0).
-1
What is 2 + (11 - 7 - 1) - 8?
-3
Calculate 1 - (0 + -4 + 4).
1
What is 0 + -11 + 6 + -1 - -7?
1
What is the value of -10 + 14 + (-2 - 4)?
-2
Calculate -2 + -3 + 0 + (5 - 1).
-1
Evaluate 9 + (1 + -1 - 5) + 0.
4
-2 - -9 - (5 + -5)
7
Calculate -2 - (0 + (-2 - -4)).
-4
What is 3 - (6 + -3 + -1)?
1
Evaluate 6 + -9 + 5 + -1 + -1.
0
Calculate 19 - (19 + 7) - (-1 + -7).
1
What is the value of 99 - 100 - (-5 + 1 + 1)?
2
Evaluate -6 + 3 + (11 - (-1 + 5)).
4
-4 - (-3 - (-6 - 2)) - -3
-6
Evaluate 6 + (-10 - 2 - -12).
6
What is the value of (3 - 4) + (4 + -1 - 5)?
-3
Calculate (-6 - (9 - 5)) + 8.
-2
-7 - -2 - (-4 - -7 - 17)
9
-2 - (4 + -5 + 6 - 6)
-1
What is 1 + 4 - 4 - 1?
0
Evaluate 4 + (1 + 7 - 5 - 5).
2
Calculate 3 + 7 - (3 + -6 + 6).
7
(-8 - -2) + 13 + (5 - 13)
-1
Evaluate 0 - (4 + -2 + 3).
-5
What is 12 + 4 + (-4 - 5) + 0?
7
Calculate -3 + (0 - -2 - -2) + 0.
1
-2 - (0 + -1 + -3)
2
What is -2 - 7 - -4 - (6 + -7)?
-4
What is (7 - 14 - -5) + -4 + 2?
-4
Evaluate 3 + -2 + (9 - (9 - 3)).
4
What is the value of 4 - 11 - -3 - -3 - -4?
3
What is the value of (-43 - -35) + (-1 - -7)?
-2
-3 + 6 + -1 - (69 - 75)
8
-5 + 2 + (0 - (1 + -4))
0
What is -3 - -1 - (-4 - 2 - -3)?
1
Evaluate -5 + 1 - (-12 - (-3 - 9)).
-4
Evaluate 1 + -1 + 1 + 0.
1
What is the value of 0 + 3 + 1 + (1 - 6)?
-1
Evaluate -7 + 1 + 50 + -42.
2
What is the value of -1 - (-1 + -3 + 2) - -2?
3
Calculate (3 - 0 - (3 + 7)) + 2.
-5
Calculate -2 + 1 + 1 - (-13 - -11).
2
Calculate (3 - 6) + 3 - (-1 - 1).
2
What is the value of (1 - 11) + (-7 - -13)?
-4
Evaluate (-5 + 3 - 1) + 3 + 1.
1
What is 1 + 2 - (16 + -18)?
5
What is (-24 - -33) + (2 - 9)?
2
Evaluate (11 - 11) + (4 - -3).
7
Calculate -1 + (5 + -7 - -2).
-1
Calculate -21 + 12 - -12 - 1.
2
What is 0 - (6 - 0) - (2 - 7)?
-1
What is -1 - (1 + -1) - (5 - 5)?
-1
What is 1 + 7 + (88 - 97)?
-1
2 + (-1 - -3) + 1
5
What is the value of (-4 - ((4 - 7) + 0)) + -5?
-6
What is 0 - ((-3 - -6) + -3)?
0
What is -4 + (6 - 2) + 0 - 1?
-1
(10 + -14 - -2) + 1 + 9
8
Evaluate -6 + -16 + 8 - -9.
-5
What is the value of (17 - (-2 + 17)) + (-4 - -1)?
-1
5 + (1 - (5 - 4)) - 5
0
What is -7 - (-19 + (15 - 7) - -1)?
3
What is the value of (-6 - -4) + 2 + -1?
-1
What is the value of 2 + (-3 - -10) - 0?
9
Evaluate 6 + -1 + (0 - (-5 + 5)).
5
What is the value of 0 - (4 - (9 - 9))?
-4
What is (5 - -6 - 2) + 0?
9
Evaluate -7 + (5 - 8 - 1) + 20.
9
What is the value of -2 + 8 + 5 + -13?
-2
-6 - (-10 - 0) - -3
7
What is (-2 - (-5 - -7)) + 5?
1
What is (-5 + 6 - -2) + 1?
4
What is the value of (6 - 1) + -7 + -3 + 0?
-5
What is -11 - (10 + -2 - 14)?
-5
What is the value of 3 - -1 - (5 + -8 - -12)?
-5
Calculate -8 + (9 + -4 - -4).
1
What is the value of -84 - -87 - (-1 + -2)?
6
What is (220 - 213) + 1 + -10?
-2
Calculate (-5 - -3) + (-14 - -27) - 1.
10
What is the value of (4 - -9) + (-27 - -10)?
-4
9 + (3 - (2 - 0) - 4)
6
(-4 - -2) + -2 - -5
1
3 + (-4 - (0 - 4)) - -1
4
What is -2 + 4 + 2 + (4 - 6)?
2
Calculate -1 - 2 - (5 - 4 - 0).
-4
Calculate -1 - 0 - (1 + 2 + -8).
4
Calculate (2 - 10) + 16 - (1 + 2).
5
Calculate (-8 - (-4 + -15)) + -6.
5
Calculate (-3 - 2 - (6 - 16)) + -7.
-2
-2 + (-3 - ((-6 - -1) + -4))
4
What is the value of 0 + (-6 - 2) - -2?
-6
Calculate 0 - ((-6 - -10) + -2 + 0).
-2
What is -4 + 2 - 0 - (-79 + 72)?
5
Calculate 1 + -6 - (9 + (-17 - -2)).
1
2 + -17 + 9 + 1
-5
What is -1 + 2 + (0 - 2)?
-1
What is 2 - (5 - 11 - -1)?
7
What is 4 + 5 + -3 - 1?
5
What is the value of -2 - (3 - (-6 - -18))?
7
What is the value of -3 - (-1 - -7 - (17 + -12))?
-4
Calculate (-4 - -4) + 3 + -5.
-2
What is the value of -10 + (4 - -1) + 5?
0
Calculate -11 + 1 + 1 + (7 - 3).
-5
What is 3 + 0 + 8 + -8?
3
Calculate -3 + (-3 - -1) - -3 - -1.
-1
Evaluate 1 - 10 - (-3 - 2).
-4
What is 13 - 6 - 5 - -4?
6
What is -8 + 6 + (3 - -3 - 2)?
2
Evaluate (-14 - -23) + -4 + 1 - 9.
-3
What is the value of 0 - (2 + 1 - 5 - 1)?
3
(3 - -5) + -1 + (-6 - -2)
3
What is the value of 2 - (1 - -2) - -5?
4
What is the value of -2 + -3 - (9 + -12) - -7?
5
Evaluate 7 - -5 - (7 + 1).
4
-4 + (1 - -4) + -2
-1
(6 - -5) + 3 + -4 + -3
7
Evaluate -2 + (7 - 6 - 4).
-5
-2 + 3 + 3 + -4 - 3
-3
Calculate -3 + 7 + -2 + -3.
-1
Calculate 4 - (2 - -3) - -1.
0
Calculate 0 + 0 - (3 - 0 - 0).
-3
Calculate -2 + 3 - (-10 - -6).
5
Evaluate -3 + (2 - 3 - (11 + -15)).
0
What is the value of -3 - (-2 + -3 + 2 + -3)?
3
-2 + -1 + (12 - (9 + -5))
5
3 + (3 + 3 + -5 - 0)
4
Calculate (-1 - -6 - -5) + -8.
2
What is the value of -4 - (-1 - -2) - -10?
5
What is 6 + 7 + (-7 - 1)?
5
What is -3 + 2 - (5 + (-4 - -3))?
-5
What is the value of 1 + 0 + 0 + 0 + 3?
4
Evaluate -1 + 1 + 1 + 2.
3
Evaluate -2 + 6 - (-1 + 0).
5
What is the value of -10 + 7 + -5 - -4?
-4
Evaluate 1 + 10 - (-5 - -13).
3
What is the value of -4 + (5 + 0 - -1)?
2
Calculate (2 - -21) + (-51 - -37).
9
What is -1 - 10 - -9 - -3?
1
What is -3 - ((-4 - (0 - 4)) + -7)?
4
-5 - (-10 + 1 - -4)
0
Evaluate -1 + 2 + -3 + (-1 - -3).
0
Evaluate -7 - (4 + -5 + -3).
-3
2 + (4 - (-4 - -6) - 3)
1
(-3 - 7) + (9 - 7)
-8
What is -4 - (-4 - -4) - 1?
-5
What is (3 - (3 + 1)) + 5?
4
What is -3 - (-3 + (-5 - -1) + 1)?
3
Calculate 1 - (8 - (4 + 2)).
-1
What is 11 - (11 + -6) - (-7 - -8)?
5
What is the value of 2 + -1 - ((-2 - -4) + 0)?
-1
What is (0 + -1 - -4) + 15 + -21?
-3
Evaluate 10 - 1 - (-34 - -37).
6
Evaluate (3 + 6 - 7) + 1.
3
What is -11 - -4 - (-2 + -1)?
-4
-1 - (2 - (3 + 2 + -3))
-1
What is the value of (4 - ((-4 - -8) + 1)) + 10?
9
8 + (-9 - -1) + (8 - 4)
4
-4 - (1 - 5) - (-8 + 1)
7
What is 6 - (2 + 0 + 2)?
2
(2 - 2 - -1) + -1 + 3
3
What is the value of -5 - (6 - (9 + -5))?
-7
Calculate -2 + 0 + (-4 - -4).
-2
1 + -7 - (-9 + -6 + 13)
-4
Evaluate 1 + -4 + (3 - 0).
0
Calculate (-306 - -304) + (2 + -3 - -2).
-1
What is the value of -1 + 0 + (6 - 4) + -5?
-4
(-5 - (-3 - 1)) + -1
-2
Evaluate (7 - (2 - -4)) + 3.
4
What is the value of -10 + 7 + -4 + -2?
-9
What is the value of -4 - (-3 - (-3 + 3))?
-1
What is -5 - (-2 + 1 - 0)?
-4
What is the value of -8 - 2 - -5 - -10?
5
What is the value of -3 - (0 + 0) - (113 - 108)?
-8
Calculate 10 + 1 - -5 - 10.
6
Evaluate 2 - (-5 + 5 - -3 - 1).
0
-5 - -11 - (13 - 6)
-1
What is the value of (9 + -10 - 3) + 2?
-2
What is 5 + 5 + (-1 - 6)?
3
What is the value of 1 + -5 - (-4 - 1)?
1
What is the value of -5 - -9 - ((5 - 1) + -2)?
2
Evaluate -1 + (10 - 5) - 0.
4
What is (0 - 1) + 4 + 0 + -8?
-5
-3 + (11 - 3) + -3 + 0
2
Evaluate -1 - (7 - (-14 + 7 + 19)).
4
Evaluate 0 + 3 - (-2 + 7 + 3).
-5
What is -7 + -11 + 22 - 14?
-10
What is the value of -2 + (1 - -3) + (-9 - -10)?
3
Evaluate (0 - -3) + (60 - 64).